{"id":5017,"date":"2024-01-08T11:38:31","date_gmt":"2024-01-08T10:38:31","guid":{"rendered":"https:\/\/firstwater.ma\/?post_type=product&#038;p=5017"},"modified":"2024-01-08T11:38:59","modified_gmt":"2024-01-08T10:38:59","slug":"aquatreat-553","status":"publish","type":"product","link":"https:\/\/firstwater.ma\/?product=aquatreat-553","title":{"rendered":"Aquatreat 553"},"content":{"rendered":"<p><strong>AQUATREAT 553<\/strong> peut s\u2019utiliser comme s\u00e9questrant pour prot\u00e9ger les membranes d\u2019osmose inverse et nano filtration.<\/p>\n<p><strong>AQUATREAT 553<\/strong> est un produit liquide, compos\u00e9 de polym\u00e8res, de s\u00e9questrant et un agent de r\u00e9ducteur pour \u00e9liminer les oxydants comme le chlore.<\/p>\n<p><strong>AQUATREAT 553<\/strong> \u00e9vite la formation de d\u00e9p\u00f4ts de tartre, ma\u00eetrise la corrosion et agit sur les d\u00e9p\u00f4ts existants dans un syst\u00e8me aqueux.<\/p>\n<p><strong>AQUATREAT 553<\/strong> ne contient pas de s\u00e9questrant corrosifs.<\/p>\n<p>\u00a0<\/p>\n<h4>CARACTERISTIQUES<\/h4>\n<p>Aspect : liquide vert clair pH : 6,0 \u00b1 0,2 Densit\u00e9 : 1,05 \u00b1 0,02 Solubilit\u00e9 dans l\u2019eau : infinie MODE D\u2019EMPLOI ET DOSAGE <strong>AQUATREAT 553<\/strong> est inject\u00e9, tel quel ou en solution dilu\u00e9e, directement dans l\u2019eau d\u2019alimentation de l\u2019osmose inverse. Le dosage optimum d\u2019<strong>AQUATREAT 553<\/strong> est compris entre 5 et 50 mg\/l sur l\u2019eau d\u2019appoint.<\/p>\n","protected":false},"excerpt":{"rendered":"<p>AQUATREAT 553 est certifi\u00e9 NSF\/ANSI 60 et peut \u00eatre utilis\u00e9 dans des applications d&rsquo;eau potable \u00e0 une concentration maximale de 50 mg \/ l dans l&rsquo;eau d&rsquo;alimentation.<\/p>\n","protected":false},"featured_media":5074,"template":"","meta":[],"product_cat":[97,82,99],"product_tag":[],"class_list":{"0":"post-5017","1":"product","2":"type-product","3":"status-publish","4":"has-post-thumbnail","6":"product_cat-desinfection","7":"product_cat-industriel","8":"product_cat-produit-de-traitement","10":"first","11":"instock","12":"shipping-taxable","13":"product-type-simple","14":"col-xs-6 col-sm-4","15":"col-md-3 col-lg-3","16":"un-4-cols"},"yoast_head":"<!-- This site is optimized with the Yoast SEO plugin v27.5 - https:\/\/yoast.com\/product\/yoast-seo-wordpress\/ -->\n<title>Aquatreat 553 - Firstwater<\/title>\n<meta name=\"robots\" content=\"index, follow, max-snippet:-1, max-image-preview:large, max-video-preview:-1\" \/>\n<link rel=\"canonical\" href=\"https:\/\/firstwater.ma\/?product=aquatreat-553\" \/>\n<meta property=\"og:locale\" content=\"fr_FR\" \/>\n<meta property=\"og:type\" content=\"article\" \/>\n<meta property=\"og:title\" content=\"Aquatreat 553 - Firstwater\" \/>\n<meta property=\"og:description\" content=\"AQUATREAT 553 est certifi\u00e9 NSF\/ANSI 60 et peut \u00eatre utilis\u00e9 dans des applications d&#039;eau potable \u00e0 une concentration maximale de 50 mg \/ l dans l&#039;eau d&#039;alimentation.\" \/>\n<meta property=\"og:url\" content=\"https:\/\/firstwater.ma\/?product=aquatreat-553\" \/>\n<meta property=\"og:site_name\" content=\"Firstwater\" \/>\n<meta property=\"article:modified_time\" content=\"2024-01-08T10:38:59+00:00\" \/>\n<meta property=\"og:image\" content=\"https:\/\/firstwater.ma\/wp-content\/uploads\/2024\/01\/Aquatreat-650.jpg\" \/>\n\t<meta property=\"og:image:width\" content=\"512\" \/>\n\t<meta property=\"og:image:height\" content=\"512\" \/>\n\t<meta property=\"og:image:type\" content=\"image\/jpeg\" \/>\n<meta name=\"twitter:card\" content=\"summary_large_image\" \/>\n<meta name=\"twitter:label1\" content=\"Dur\u00e9e de lecture estim\u00e9e\" \/>\n\t<meta name=\"twitter:data1\" content=\"1 minute\" \/>\n<script type=\"application\/ld+json\" class=\"yoast-schema-graph\">{\"@context\":\"https:\\\/\\\/schema.org\",\"@graph\":[{\"@type\":\"WebPage\",\"@id\":\"https:\\\/\\\/firstwater.ma\\\/?product=aquatreat-553\",\"url\":\"https:\\\/\\\/firstwater.ma\\\/?product=aquatreat-553\",\"name\":\"Aquatreat 553 - Firstwater\",\"isPartOf\":{\"@id\":\"https:\\\/\\\/firstwater.ma\\\/#website\"},\"primaryImageOfPage\":{\"@id\":\"https:\\\/\\\/firstwater.ma\\\/?product=aquatreat-553#primaryimage\"},\"image\":{\"@id\":\"https:\\\/\\\/firstwater.ma\\\/?product=aquatreat-553#primaryimage\"},\"thumbnailUrl\":\"https:\\\/\\\/firstwater.ma\\\/wp-content\\\/uploads\\\/2024\\\/01\\\/Aquatreat-650.jpg\",\"datePublished\":\"2024-01-08T10:38:31+00:00\",\"dateModified\":\"2024-01-08T10:38:59+00:00\",\"breadcrumb\":{\"@id\":\"https:\\\/\\\/firstwater.ma\\\/?product=aquatreat-553#breadcrumb\"},\"inLanguage\":\"fr-FR\",\"potentialAction\":[{\"@type\":\"ReadAction\",\"target\":[\"https:\\\/\\\/firstwater.ma\\\/?product=aquatreat-553\"]}]},{\"@type\":\"ImageObject\",\"inLanguage\":\"fr-FR\",\"@id\":\"https:\\\/\\\/firstwater.ma\\\/?product=aquatreat-553#primaryimage\",\"url\":\"https:\\\/\\\/firstwater.ma\\\/wp-content\\\/uploads\\\/2024\\\/01\\\/Aquatreat-650.jpg\",\"contentUrl\":\"https:\\\/\\\/firstwater.ma\\\/wp-content\\\/uploads\\\/2024\\\/01\\\/Aquatreat-650.jpg\",\"width\":512,\"height\":512},{\"@type\":\"BreadcrumbList\",\"@id\":\"https:\\\/\\\/firstwater.ma\\\/?product=aquatreat-553#breadcrumb\",\"itemListElement\":[{\"@type\":\"ListItem\",\"position\":1,\"name\":\"Accueil\",\"item\":\"https:\\\/\\\/firstwater.ma\\\/\"},{\"@type\":\"ListItem\",\"position\":2,\"name\":\"Boutique\",\"item\":\"https:\\\/\\\/firstwater.ma\\\/?page_id=8\"},{\"@type\":\"ListItem\",\"position\":3,\"name\":\"Aquatreat 553\"}]},{\"@type\":\"WebSite\",\"@id\":\"https:\\\/\\\/firstwater.ma\\\/#website\",\"url\":\"https:\\\/\\\/firstwater.ma\\\/\",\"name\":\"Firstwater\",\"description\":\"\",\"publisher\":{\"@id\":\"https:\\\/\\\/firstwater.ma\\\/#organization\"},\"potentialAction\":[{\"@type\":\"SearchAction\",\"target\":{\"@type\":\"EntryPoint\",\"urlTemplate\":\"https:\\\/\\\/firstwater.ma\\\/?s={search_term_string}\"},\"query-input\":{\"@type\":\"PropertyValueSpecification\",\"valueRequired\":true,\"valueName\":\"search_term_string\"}}],\"inLanguage\":\"fr-FR\"},{\"@type\":\"Organization\",\"@id\":\"https:\\\/\\\/firstwater.ma\\\/#organization\",\"name\":\"Firstwater\",\"url\":\"https:\\\/\\\/firstwater.ma\\\/\",\"logo\":{\"@type\":\"ImageObject\",\"inLanguage\":\"fr-FR\",\"@id\":\"https:\\\/\\\/firstwater.ma\\\/#\\\/schema\\\/logo\\\/image\\\/\",\"url\":\"https:\\\/\\\/firstwater.ma\\\/wp-content\\\/uploads\\\/2024\\\/01\\\/cropped-first-water-2-130x70-2.png\",\"contentUrl\":\"https:\\\/\\\/firstwater.ma\\\/wp-content\\\/uploads\\\/2024\\\/01\\\/cropped-first-water-2-130x70-2.png\",\"width\":130,\"height\":70,\"caption\":\"Firstwater\"},\"image\":{\"@id\":\"https:\\\/\\\/firstwater.ma\\\/#\\\/schema\\\/logo\\\/image\\\/\"}}]}<\/script>\n<!-- \/ Yoast SEO plugin. -->","yoast_head_json":{"title":"Aquatreat 553 - Firstwater","robots":{"index":"index","follow":"follow","max-snippet":"max-snippet:-1","max-image-preview":"max-image-preview:large","max-video-preview":"max-video-preview:-1"},"canonical":"https:\/\/firstwater.ma\/?product=aquatreat-553","og_locale":"fr_FR","og_type":"article","og_title":"Aquatreat 553 - Firstwater","og_description":"AQUATREAT 553 est certifi\u00e9 NSF\/ANSI 60 et peut \u00eatre utilis\u00e9 dans des applications d'eau potable \u00e0 une concentration maximale de 50 mg \/ l dans l'eau d'alimentation.","og_url":"https:\/\/firstwater.ma\/?product=aquatreat-553","og_site_name":"Firstwater","article_modified_time":"2024-01-08T10:38:59+00:00","og_image":[{"width":512,"height":512,"url":"https:\/\/firstwater.ma\/wp-content\/uploads\/2024\/01\/Aquatreat-650.jpg","type":"image\/jpeg"}],"twitter_card":"summary_large_image","twitter_misc":{"Dur\u00e9e de lecture estim\u00e9e":"1 minute"},"schema":{"@context":"https:\/\/schema.org","@graph":[{"@type":"WebPage","@id":"https:\/\/firstwater.ma\/?product=aquatreat-553","url":"https:\/\/firstwater.ma\/?product=aquatreat-553","name":"Aquatreat 553 - Firstwater","isPartOf":{"@id":"https:\/\/firstwater.ma\/#website"},"primaryImageOfPage":{"@id":"https:\/\/firstwater.ma\/?product=aquatreat-553#primaryimage"},"image":{"@id":"https:\/\/firstwater.ma\/?product=aquatreat-553#primaryimage"},"thumbnailUrl":"https:\/\/firstwater.ma\/wp-content\/uploads\/2024\/01\/Aquatreat-650.jpg","datePublished":"2024-01-08T10:38:31+00:00","dateModified":"2024-01-08T10:38:59+00:00","breadcrumb":{"@id":"https:\/\/firstwater.ma\/?product=aquatreat-553#breadcrumb"},"inLanguage":"fr-FR","potentialAction":[{"@type":"ReadAction","target":["https:\/\/firstwater.ma\/?product=aquatreat-553"]}]},{"@type":"ImageObject","inLanguage":"fr-FR","@id":"https:\/\/firstwater.ma\/?product=aquatreat-553#primaryimage","url":"https:\/\/firstwater.ma\/wp-content\/uploads\/2024\/01\/Aquatreat-650.jpg","contentUrl":"https:\/\/firstwater.ma\/wp-content\/uploads\/2024\/01\/Aquatreat-650.jpg","width":512,"height":512},{"@type":"BreadcrumbList","@id":"https:\/\/firstwater.ma\/?product=aquatreat-553#breadcrumb","itemListElement":[{"@type":"ListItem","position":1,"name":"Accueil","item":"https:\/\/firstwater.ma\/"},{"@type":"ListItem","position":2,"name":"Boutique","item":"https:\/\/firstwater.ma\/?page_id=8"},{"@type":"ListItem","position":3,"name":"Aquatreat 553"}]},{"@type":"WebSite","@id":"https:\/\/firstwater.ma\/#website","url":"https:\/\/firstwater.ma\/","name":"Firstwater","description":"","publisher":{"@id":"https:\/\/firstwater.ma\/#organization"},"potentialAction":[{"@type":"SearchAction","target":{"@type":"EntryPoint","urlTemplate":"https:\/\/firstwater.ma\/?s={search_term_string}"},"query-input":{"@type":"PropertyValueSpecification","valueRequired":true,"valueName":"search_term_string"}}],"inLanguage":"fr-FR"},{"@type":"Organization","@id":"https:\/\/firstwater.ma\/#organization","name":"Firstwater","url":"https:\/\/firstwater.ma\/","logo":{"@type":"ImageObject","inLanguage":"fr-FR","@id":"https:\/\/firstwater.ma\/#\/schema\/logo\/image\/","url":"https:\/\/firstwater.ma\/wp-content\/uploads\/2024\/01\/cropped-first-water-2-130x70-2.png","contentUrl":"https:\/\/firstwater.ma\/wp-content\/uploads\/2024\/01\/cropped-first-water-2-130x70-2.png","width":130,"height":70,"caption":"Firstwater"},"image":{"@id":"https:\/\/firstwater.ma\/#\/schema\/logo\/image\/"}}]}},"_links":{"self":[{"href":"https:\/\/firstwater.ma\/index.php?rest_route=\/wp\/v2\/product\/5017","targetHints":{"allow":["GET"]}}],"collection":[{"href":"https:\/\/firstwater.ma\/index.php?rest_route=\/wp\/v2\/product"}],"about":[{"href":"https:\/\/firstwater.ma\/index.php?rest_route=\/wp\/v2\/types\/product"}],"version-history":[{"count":1,"href":"https:\/\/firstwater.ma\/index.php?rest_route=\/wp\/v2\/product\/5017\/revisions"}],"predecessor-version":[{"id":5076,"href":"https:\/\/firstwater.ma\/index.php?rest_route=\/wp\/v2\/product\/5017\/revisions\/5076"}],"wp:featuredmedia":[{"embeddable":true,"href":"https:\/\/firstwater.ma\/index.php?rest_route=\/wp\/v2\/media\/5074"}],"wp:attachment":[{"href":"https:\/\/firstwater.ma\/index.php?rest_route=%2Fwp%2Fv2%2Fmedia&parent=5017"}],"wp:term":[{"taxonomy":"product_cat","embeddable":true,"href":"https:\/\/firstwater.ma\/index.php?rest_route=%2Fwp%2Fv2%2Fproduct_cat&post=5017"},{"taxonomy":"product_tag","embeddable":true,"href":"https:\/\/firstwater.ma\/index.php?rest_route=%2Fwp%2Fv2%2Fproduct_tag&post=5017"}],"curies":[{"name":"wp","href":"https:\/\/api.w.org\/{rel}","templated":true}]}}