{"id":5026,"date":"2024-01-08T11:38:31","date_gmt":"2024-01-08T10:38:31","guid":{"rendered":"https:\/\/firstwater.ma\/?post_type=product&#038;p=5026"},"modified":"2024-01-08T12:38:54","modified_gmt":"2024-01-08T11:38:54","slug":"bouche-de-refoulement","status":"publish","type":"product","link":"https:\/\/firstwater.ma\/?product=bouche-de-refoulement","title":{"rendered":"Bouche de refoulement"},"content":{"rendered":"","protected":false},"excerpt":{"rendered":"<p>Les buses de refoulement d&rsquo;une piscine jouent un r\u00f4le cl\u00e9 dans la circulation du bassin. Et pour qu&rsquo;elles puissent jouer ce r\u00f4le au mieux, il est indispensable de les placer de mani\u00e8re judicieuse dans notre piscine.<\/p>\n<h2>Bouche De Refoulement Orientable<\/h2>\n<h2>Buses d\u2019impulsion<\/h2>\n<h2>Buses de fond<\/h2>\n<h2>Buses d\u2019aspiration<\/h2>\n<p><strong>Diff\u00e9rentes tailles et mod\u00e8les.<\/strong><\/p>\n<ul>\n<li>Nous disposons de toutes les pi\u00e8ces de rechange possibles pour les bouches<\/li>\n<li>Fabriqu\u00e9s en ABS blanc, r\u00e9sistant contre les rayons UVA et aux attaques chimiques typiques d\u2019une piscine.<\/li>\n<\/ul>\n","protected":false},"featured_media":5091,"template":"","meta":[],"product_cat":[93,88],"product_tag":[],"class_list":{"0":"post-5026","1":"product","2":"type-product","3":"status-publish","4":"has-post-thumbnail","6":"product_brand-firstwater","7":"product_cat-piece-a-sceller","8":"product_cat-piscines","10":"first","11":"instock","12":"shipping-taxable","13":"product-type-simple","14":"col-xs-6 col-sm-4","15":"col-md-3 col-lg-3","16":"un-4-cols"},"yoast_head":"<!-- This site is optimized with the Yoast SEO plugin v27.5 - https:\/\/yoast.com\/product\/yoast-seo-wordpress\/ -->\n<title>Bouche de refoulement - Firstwater<\/title>\n<meta name=\"robots\" content=\"index, follow, max-snippet:-1, max-image-preview:large, max-video-preview:-1\" \/>\n<link rel=\"canonical\" href=\"https:\/\/firstwater.ma\/?product=bouche-de-refoulement\" \/>\n<meta property=\"og:locale\" content=\"fr_FR\" \/>\n<meta property=\"og:type\" content=\"article\" \/>\n<meta property=\"og:title\" content=\"Bouche de refoulement - Firstwater\" \/>\n<meta property=\"og:description\" content=\"Les buses de refoulement d&#039;une piscine jouent un r\u00f4le cl\u00e9 dans la circulation du bassin. Et pour qu&#039;elles puissent jouer ce r\u00f4le au mieux, il est indispensable de les placer de mani\u00e8re judicieuse dans notre piscine. Bouche De Refoulement Orientable Buses d\u2019impulsion Buses de fond Buses d\u2019aspiration Diff\u00e9rentes tailles et mod\u00e8les.   Nous disposons de toutes les pi\u00e8ces de rechange possibles pour les bouches  Fabriqu\u00e9s en ABS blanc, r\u00e9sistant contre les rayons UVA et aux attaques chimiques typiques d\u2019une piscine.\" \/>\n<meta property=\"og:url\" content=\"https:\/\/firstwater.ma\/?product=bouche-de-refoulement\" \/>\n<meta property=\"og:site_name\" content=\"Firstwater\" \/>\n<meta property=\"article:modified_time\" content=\"2024-01-08T11:38:54+00:00\" \/>\n<meta property=\"og:image\" content=\"https:\/\/firstwater.ma\/wp-content\/uploads\/2024\/01\/Bouche-refoulement.jpg\" \/>\n\t<meta property=\"og:image:width\" content=\"600\" \/>\n\t<meta property=\"og:image:height\" content=\"600\" \/>\n\t<meta property=\"og:image:type\" content=\"image\/jpeg\" \/>\n<meta name=\"twitter:card\" content=\"summary_large_image\" \/>\n<script type=\"application\/ld+json\" class=\"yoast-schema-graph\">{\"@context\":\"https:\\\/\\\/schema.org\",\"@graph\":[{\"@type\":\"WebPage\",\"@id\":\"https:\\\/\\\/firstwater.ma\\\/?product=bouche-de-refoulement\",\"url\":\"https:\\\/\\\/firstwater.ma\\\/?product=bouche-de-refoulement\",\"name\":\"Bouche de refoulement - Firstwater\",\"isPartOf\":{\"@id\":\"https:\\\/\\\/firstwater.ma\\\/#website\"},\"primaryImageOfPage\":{\"@id\":\"https:\\\/\\\/firstwater.ma\\\/?product=bouche-de-refoulement#primaryimage\"},\"image\":{\"@id\":\"https:\\\/\\\/firstwater.ma\\\/?product=bouche-de-refoulement#primaryimage\"},\"thumbnailUrl\":\"https:\\\/\\\/firstwater.ma\\\/wp-content\\\/uploads\\\/2024\\\/01\\\/Bouche-refoulement.jpg\",\"datePublished\":\"2024-01-08T10:38:31+00:00\",\"dateModified\":\"2024-01-08T11:38:54+00:00\",\"breadcrumb\":{\"@id\":\"https:\\\/\\\/firstwater.ma\\\/?product=bouche-de-refoulement#breadcrumb\"},\"inLanguage\":\"fr-FR\",\"potentialAction\":[{\"@type\":\"ReadAction\",\"target\":[\"https:\\\/\\\/firstwater.ma\\\/?product=bouche-de-refoulement\"]}]},{\"@type\":\"ImageObject\",\"inLanguage\":\"fr-FR\",\"@id\":\"https:\\\/\\\/firstwater.ma\\\/?product=bouche-de-refoulement#primaryimage\",\"url\":\"https:\\\/\\\/firstwater.ma\\\/wp-content\\\/uploads\\\/2024\\\/01\\\/Bouche-refoulement.jpg\",\"contentUrl\":\"https:\\\/\\\/firstwater.ma\\\/wp-content\\\/uploads\\\/2024\\\/01\\\/Bouche-refoulement.jpg\",\"width\":600,\"height\":600},{\"@type\":\"BreadcrumbList\",\"@id\":\"https:\\\/\\\/firstwater.ma\\\/?product=bouche-de-refoulement#breadcrumb\",\"itemListElement\":[{\"@type\":\"ListItem\",\"position\":1,\"name\":\"Accueil\",\"item\":\"https:\\\/\\\/firstwater.ma\\\/\"},{\"@type\":\"ListItem\",\"position\":2,\"name\":\"Boutique\",\"item\":\"https:\\\/\\\/firstwater.ma\\\/?page_id=8\"},{\"@type\":\"ListItem\",\"position\":3,\"name\":\"Bouche de refoulement\"}]},{\"@type\":\"WebSite\",\"@id\":\"https:\\\/\\\/firstwater.ma\\\/#website\",\"url\":\"https:\\\/\\\/firstwater.ma\\\/\",\"name\":\"Firstwater\",\"description\":\"\",\"publisher\":{\"@id\":\"https:\\\/\\\/firstwater.ma\\\/#organization\"},\"potentialAction\":[{\"@type\":\"SearchAction\",\"target\":{\"@type\":\"EntryPoint\",\"urlTemplate\":\"https:\\\/\\\/firstwater.ma\\\/?s={search_term_string}\"},\"query-input\":{\"@type\":\"PropertyValueSpecification\",\"valueRequired\":true,\"valueName\":\"search_term_string\"}}],\"inLanguage\":\"fr-FR\"},{\"@type\":\"Organization\",\"@id\":\"https:\\\/\\\/firstwater.ma\\\/#organization\",\"name\":\"Firstwater\",\"url\":\"https:\\\/\\\/firstwater.ma\\\/\",\"logo\":{\"@type\":\"ImageObject\",\"inLanguage\":\"fr-FR\",\"@id\":\"https:\\\/\\\/firstwater.ma\\\/#\\\/schema\\\/logo\\\/image\\\/\",\"url\":\"https:\\\/\\\/firstwater.ma\\\/wp-content\\\/uploads\\\/2024\\\/01\\\/cropped-first-water-2-130x70-2.png\",\"contentUrl\":\"https:\\\/\\\/firstwater.ma\\\/wp-content\\\/uploads\\\/2024\\\/01\\\/cropped-first-water-2-130x70-2.png\",\"width\":130,\"height\":70,\"caption\":\"Firstwater\"},\"image\":{\"@id\":\"https:\\\/\\\/firstwater.ma\\\/#\\\/schema\\\/logo\\\/image\\\/\"}}]}<\/script>\n<!-- \/ Yoast SEO plugin. -->","yoast_head_json":{"title":"Bouche de refoulement - Firstwater","robots":{"index":"index","follow":"follow","max-snippet":"max-snippet:-1","max-image-preview":"max-image-preview:large","max-video-preview":"max-video-preview:-1"},"canonical":"https:\/\/firstwater.ma\/?product=bouche-de-refoulement","og_locale":"fr_FR","og_type":"article","og_title":"Bouche de refoulement - Firstwater","og_description":"Les buses de refoulement d'une piscine jouent un r\u00f4le cl\u00e9 dans la circulation du bassin. Et pour qu'elles puissent jouer ce r\u00f4le au mieux, il est indispensable de les placer de mani\u00e8re judicieuse dans notre piscine. Bouche De Refoulement Orientable Buses d\u2019impulsion Buses de fond Buses d\u2019aspiration Diff\u00e9rentes tailles et mod\u00e8les.   Nous disposons de toutes les pi\u00e8ces de rechange possibles pour les bouches  Fabriqu\u00e9s en ABS blanc, r\u00e9sistant contre les rayons UVA et aux attaques chimiques typiques d\u2019une piscine.","og_url":"https:\/\/firstwater.ma\/?product=bouche-de-refoulement","og_site_name":"Firstwater","article_modified_time":"2024-01-08T11:38:54+00:00","og_image":[{"width":600,"height":600,"url":"https:\/\/firstwater.ma\/wp-content\/uploads\/2024\/01\/Bouche-refoulement.jpg","type":"image\/jpeg"}],"twitter_card":"summary_large_image","schema":{"@context":"https:\/\/schema.org","@graph":[{"@type":"WebPage","@id":"https:\/\/firstwater.ma\/?product=bouche-de-refoulement","url":"https:\/\/firstwater.ma\/?product=bouche-de-refoulement","name":"Bouche de refoulement - Firstwater","isPartOf":{"@id":"https:\/\/firstwater.ma\/#website"},"primaryImageOfPage":{"@id":"https:\/\/firstwater.ma\/?product=bouche-de-refoulement#primaryimage"},"image":{"@id":"https:\/\/firstwater.ma\/?product=bouche-de-refoulement#primaryimage"},"thumbnailUrl":"https:\/\/firstwater.ma\/wp-content\/uploads\/2024\/01\/Bouche-refoulement.jpg","datePublished":"2024-01-08T10:38:31+00:00","dateModified":"2024-01-08T11:38:54+00:00","breadcrumb":{"@id":"https:\/\/firstwater.ma\/?product=bouche-de-refoulement#breadcrumb"},"inLanguage":"fr-FR","potentialAction":[{"@type":"ReadAction","target":["https:\/\/firstwater.ma\/?product=bouche-de-refoulement"]}]},{"@type":"ImageObject","inLanguage":"fr-FR","@id":"https:\/\/firstwater.ma\/?product=bouche-de-refoulement#primaryimage","url":"https:\/\/firstwater.ma\/wp-content\/uploads\/2024\/01\/Bouche-refoulement.jpg","contentUrl":"https:\/\/firstwater.ma\/wp-content\/uploads\/2024\/01\/Bouche-refoulement.jpg","width":600,"height":600},{"@type":"BreadcrumbList","@id":"https:\/\/firstwater.ma\/?product=bouche-de-refoulement#breadcrumb","itemListElement":[{"@type":"ListItem","position":1,"name":"Accueil","item":"https:\/\/firstwater.ma\/"},{"@type":"ListItem","position":2,"name":"Boutique","item":"https:\/\/firstwater.ma\/?page_id=8"},{"@type":"ListItem","position":3,"name":"Bouche de refoulement"}]},{"@type":"WebSite","@id":"https:\/\/firstwater.ma\/#website","url":"https:\/\/firstwater.ma\/","name":"Firstwater","description":"","publisher":{"@id":"https:\/\/firstwater.ma\/#organization"},"potentialAction":[{"@type":"SearchAction","target":{"@type":"EntryPoint","urlTemplate":"https:\/\/firstwater.ma\/?s={search_term_string}"},"query-input":{"@type":"PropertyValueSpecification","valueRequired":true,"valueName":"search_term_string"}}],"inLanguage":"fr-FR"},{"@type":"Organization","@id":"https:\/\/firstwater.ma\/#organization","name":"Firstwater","url":"https:\/\/firstwater.ma\/","logo":{"@type":"ImageObject","inLanguage":"fr-FR","@id":"https:\/\/firstwater.ma\/#\/schema\/logo\/image\/","url":"https:\/\/firstwater.ma\/wp-content\/uploads\/2024\/01\/cropped-first-water-2-130x70-2.png","contentUrl":"https:\/\/firstwater.ma\/wp-content\/uploads\/2024\/01\/cropped-first-water-2-130x70-2.png","width":130,"height":70,"caption":"Firstwater"},"image":{"@id":"https:\/\/firstwater.ma\/#\/schema\/logo\/image\/"}}]}},"_links":{"self":[{"href":"https:\/\/firstwater.ma\/index.php?rest_route=\/wp\/v2\/product\/5026","targetHints":{"allow":["GET"]}}],"collection":[{"href":"https:\/\/firstwater.ma\/index.php?rest_route=\/wp\/v2\/product"}],"about":[{"href":"https:\/\/firstwater.ma\/index.php?rest_route=\/wp\/v2\/types\/product"}],"version-history":[{"count":1,"href":"https:\/\/firstwater.ma\/index.php?rest_route=\/wp\/v2\/product\/5026\/revisions"}],"predecessor-version":[{"id":5092,"href":"https:\/\/firstwater.ma\/index.php?rest_route=\/wp\/v2\/product\/5026\/revisions\/5092"}],"wp:featuredmedia":[{"embeddable":true,"href":"https:\/\/firstwater.ma\/index.php?rest_route=\/wp\/v2\/media\/5091"}],"wp:attachment":[{"href":"https:\/\/firstwater.ma\/index.php?rest_route=%2Fwp%2Fv2%2Fmedia&parent=5026"}],"wp:term":[{"taxonomy":"product_cat","embeddable":true,"href":"https:\/\/firstwater.ma\/index.php?rest_route=%2Fwp%2Fv2%2Fproduct_cat&post=5026"},{"taxonomy":"product_tag","embeddable":true,"href":"https:\/\/firstwater.ma\/index.php?rest_route=%2Fwp%2Fv2%2Fproduct_tag&post=5026"}],"curies":[{"name":"wp","href":"https:\/\/api.w.org\/{rel}","templated":true}]}}